{"id":10,"date":"2021-01-16T15:27:54","date_gmt":"2021-01-16T18:27:54","guid":{"rendered":"https:\/\/laureano.com.br\/ecommerce\/?post_type=product&#038;p=10"},"modified":"2021-01-16T15:50:46","modified_gmt":"2021-01-16T18:50:46","slug":"produto-01","status":"publish","type":"product","link":"https:\/\/laureano.com.br\/ecommerce\/produtos\/mesas\/produto-01\/","title":{"rendered":"Produto 01"},"content":{"rendered":"<p>Produto 01,<\/p>\n","protected":false},"excerpt":{"rendered":"<p>Esta \u00e9 a Breve Descri\u00e7\u00e3o do Produto<\/p>\n","protected":false},"featured_media":11,"comment_status":"open","ping_status":"closed","template":"","meta":[],"_links":{"self":[{"href":"https:\/\/laureano.com.br\/ecommerce\/wp-json\/wp\/v2\/product\/10"}],"collection":[{"href":"https:\/\/laureano.com.br\/ecommerce\/wp-json\/wp\/v2\/product"}],"about":[{"href":"https:\/\/laureano.com.br\/ecommerce\/wp-json\/wp\/v2\/types\/product"}],"replies":[{"embeddable":true,"href":"https:\/\/laureano.com.br\/ecommerce\/wp-json\/wp\/v2\/comments?post=10"}],"wp:featuredmedia":[{"embeddable":true,"href":"https:\/\/laureano.com.br\/ecommerce\/wp-json\/wp\/v2\/media\/11"}],"wp:attachment":[{"href":"https:\/\/laureano.com.br\/ecommerce\/wp-json\/wp\/v2\/media?parent=10"}],"curies":[{"name":"wp","href":"https:\/\/api.w.org\/{rel}","templated":true}]}}